ite number?
True
Is 8428796431 a composite number?
True
Is 2248304449 prime?
True
Is 2857298699 prime?
True
Is 6789552617 composite?
True
Is 1763403113 prime?
True
Is 2588214923 a composite number?
True
Is 66625278959 composite?
True
Is 302713703 composite?
False
Is 4630814449 prime?
False
Is 675104377 a prime number?
True
Is 78624193 prime?
False
Is 792698911 prime?
True
Is 3578407246 composite?
True
Is 4172284217 a composite number?
True
Is 3597059981 prime?
False
Is 2425610589 a composite number?
True
Is 1019181881 a prime number?
True
Is 143434226489 a prime number?
True
Is 60540213863 a composite number?
False
Is 371279543 a prime number?
False
Is 61971434117 a prime number?
False
Is 513164501 a composite number?
False
Is 62702867723 composite?
False
Is 395432699 prime?
False
Is 1038459941 a prime number?
False
Is 43968079 a prime number?
True
Is 183106521667 a composite number?
False
Is 1482839531 composite?
False
Is 46904796553 a prime number?
True
Is 1850440297 composite?
False
Is 2259312413 composite?
False
Is 15382139285 a composite number?
True
Is 292890929 a prime number?
False
Is 2399453273 a prime number?
False
Is 2189458981 a prime number?
True
Is 34303952413 prime?
False
Is 4059999007 a composite number?
True
Is 10331171539 a composite number?
True
Is 838470839 composite?
False
Is 111611329 prime?
False
Is 4513189411 a prime number?
True
Is 27362847061 a composite number?
True
Is 593231151 prime?
False
Is 845267413 prime?
False
Is 7860427987 a composite number?
True
Is 98173545359 a composite number?
False
Is 13757130269 prime?
False
Is 21944166181 a prime number?
False
Is 203491987 a composite number?
True
Is 874425166 a composite number?
True
Is 756893539 composite?
False
Is 122765317 prime?
True
Is 1361503678 prime?
False
Is 69425081813 composite?
True
Is 20226925853 a prime number?
False
Is 73897534369 composite?
False
Is 320048819 prime?
True
Is 2162687237 a composite number?
False
Is 12231110449 a prime number?
True
Is 1561811171 a prime number?
False
Is 10971211787 a composite number?
True
Is 26649983323 prime?
True
Is 127299313 prime?
True
Is 6071903923 composite?
True
Is 3552870761 a composite number?
True
Is 103743539303 composite?
False
Is 181979345 prime?
False
Is 34459957331 a composite number?
False
Is 92944682167 a composite number?
False
Is 7753990645 a prime number?
False
Is 558648965417 prime?
True
Is 4416248279 composite?
False
Is 134281993 a prime number?
True
Is 2762909 a prime number?
True
Is 396104759 a composite number?
True
Is 529497769 a prime number?
True
Is 488860661 a prime number?
True
Is 152333754893 prime?
False
Is 4822389899 a composite number?
False
Is 80995823 a composite number?
False
Is 116295366791 composite?
False
Is 39596907721 a composite number?
True
Is 7100521969 a prime number?
False
Is 586861733 composite?
False
Is 8275607071 composite?
True
Is 1992003907 composite?
False
Is 401377397 a composite number?
False
Is 482263121 prime?
True
Is 15184279391 prime?
False
Is 131280898655 a composite number?
True
Is 611313523 composite?
True
Is 421947751 a prime number?
False
Is 1964576773 a composite number?
False
Is 258784859 composite?
False
Is 644967623 a composite number?
False
Is 19293796499 prime?
True
Is 32342425249 a prime number?
True
Is 36444589057 composite?
False
Is 173024347 composite?
False
Is 56045870497 a prime number?
True
Is 165520469137 a composite number?
False
Is 111993071753 a composite number?
True
Is 17688951239 a composite number?
True
Is 8789500394 composite?
True
Is 147271499 a prime number?
False
Is 251546327 composite?
True
Is 709677817 a composite number?
False
Is 4332512021 prime?
True
Is 4030164223 a composite number?
True
Is 83425671937 prime?
True
Is 911523031 a composite number?
True
Is 21572319487 prime?
False
Is 340667363 a prime number?
False
Is 2030176837 composite?
True
Is 42902330453 a composite number?
True
Is 3428902913 composite?
False
Is 1063948345 composite?
True
Is 2376298321 prime?
False
Is 80169485281 a prime number?
True
Is 20076233087 a prime number?
False
Is 12340324277 a prime number?
False
Is 73618646293 a prime number?
True
Is 21823662041 prime?
False
Is 6748521889 a composite number?
False
Is 6048175157 a composite number?
True
Is 13379424589 composite?
True
Is 5586984791 prime?
False
Is 1064968691 prime?
True
Is 3392287991 composite?
False
Is 107520649 a composite number?
True
Is 1028626013 a composite number?
False
Is 172206089907 a prime number?
False
Is 140319131255 a prime number?
False
Is 1897534627 prime?
False
Is 7939188349 prime?
False
Is 2259509381 composite?
False
Is 237632357 prime?
True
Is 2592130451 a composite number?
False
Is 190632970799 prime?
False
Is 11484213673 composite?
False
Is 2519930453 prime?
True
Is 2325939391 composite?
False
Is 13011753983 composite?
True
Is 2543387993 a composite number?
False
Is 30269621807 composite?
False
Is 81625473731 a composite number?
True
Is 2340342539 prime?
False
Is 88073910473 composite?
True
Is 5157862289 composite?
False
Is 8978399 a composite number?
True
Is 53846758421 composite?
False
Is 40357489114 a prime number?
False
Is 42880388891 a prime number?
False
Is 128648059 a composite number?
True
Is 9895675193 prime?
False
Is 2129921713 prime?
True
Is 42262825309 composite?
False
Is 2709630941 prime?
True
Is 17655707999 a composite number?
False
Is 660936427 prime?
True
Is 203906341 a composite number?
False
Is 1046831897 prime?
False
Is 3485201059 a prime number?
False
Is 1750428971 a composite number?
False
Is 1518465023 composite?
False
Is 1444797679 prime?
False
Is 962010721 composite?
True
Is 4138932949 prime?
False
Is 25109790877 a composite number?
False
Is 61041013 prime?
False
Is 288856285 a prime number?
False
Is 3085927121 a composite number?
True
Is 5132355017 a prime number?
True
Is 13569995743 prime?
True
Is 2740425481 prime?
True
Is 476051689 a composite number?
True
Is 3546655253 prime?
False
Is 11166028649 composite?
True
Is 74869610477 a composite number?
False
Is 11196765611 composite?
False
Is 6608471291 a prime number?
True
Is 31891617185 a prime number?
False
Is 981536551 composite?
False
Is 1282307111 composite?
False
Is 4983804047 a composite number?
False
Is 7985302447 prime?
False
Is 4948055543 a composite number?
True
Is 1080781531 a prime number?
False
Is 5331681161 prime?
True
Is 21547151389 a prime number?
False
Is 9597315349 a prime number?
True
Is 2654423458 composite?
True
Is 590999567 prime?
True
Is 37992053899 prime?
True
Is 9064560023 a prime number?
True
Is 617916419 a composite number?
False
Is 926656513 a prime number?
True
Is 1647794191 composite?
True
Is 3065462614 composite?
True
Is 1301869603 composite?
True
Is 1798104949 a composite number?
False
Is 35978337173 a composite number?
False
Is 56000383507 composite?
True
Is 13709591641 a prime number?
True
Is 41273651 a composite number?
True
Is 135276509 composite?
True
Is 106483261333 prime?
False
Is 891970381 prime?
True
Is 9844745957 a composite number?
True
Is 1149027149 prime?
True
Is 2201631049 a composite number?
True
Is 10810730057 prime?
True
Is 6136457111 composite?
False
Is 437029746719 a composite number?
True
Is 20600802919 a prime number?
True
Is 18945852509 a composite number?
False
Is 57312123907 a composite number?
False
Is 312871681 a prime number?
True
Is 2059755757 prime?
False
Is 69392309281 a prime number?
True
Is 35529548017 a prime number?
True
Is 57268260109 a prime number?
True
Is 935663327 a prime number?
True
Is 14786943137 prime?
True
Is 8674868903 a composite number?
False
Is 89261861483 composite?
True
Is 32821007255 prime?
False
Is 5282185369 a composite number?
False
Is 48717515603 a prime number?
True
Is 12238492979 a prime number?
False
Is 376865077 composite?
False
Is 47591475569 a composite number?
True
Is 17351626 prime?
False
Is 2632582385 a composite number?
True
Is 70010479835 composite?
True
Is 6937041073 a prime number?
True
Is 84942133 a prime number?
False
Is 339025277 a composite number?
True
Is 2244978679 a prime number?
False
Is 801472241 a prime number?
False
Is 130329498133 a prime number?
True
Is 1179443201 a composite number?
False
Is 84510998489 prime?
True
Is 4417489049 composite?
True
Is 1561117211 a prime number?
True
Is 34330